ulate the greatest common factor of z and n.
6
Suppose 0 = -174*z - 754*z + 23200. Suppose 4*c - 2*m = 1302, 322 + 7 = c - 4*m. Calculate the greatest common divisor of z and c.
25
Let j(u) = u**2 + 5*u + 10. Let i be j(-7). Let a be (64/5)/((-2)/(-10)). Suppose 0 = -2*z - i + a. What is the highest common factor of z and 100?
20
Suppose 2*r - 148 = -5*f, -2*f - 5*r = -51 - 25. Suppose -8 = -2*n, -2*n - n + 32 = 5*k. What is the greatest common divisor of k and f?
4
Suppose -904 = 4*b - 0. Let s = b + 251. Suppose -2*o + 185 = 5*m, -491 = -0*o - 5*o - 3*m. What is the highest common divisor of s and o?
25
Let a(i) = 7*i. Let r be a(3). Let k be (-8*23/368)/((-1)/12). What is the highest common divisor of r and k?
3
Let g(s) = -191*s + 1854. Let t be g(7). What is the highest common divisor of 423 and t?
47
Let u(q) = q**3 - 7*q**2 + 8*q - 7. Let y be u(6). Suppose -w + 57 = h + w, 58 = h + w. Let t = -54 + h. Calculate the greatest common divisor of y and t.
5
Suppose -5*k = 7*p - 4*p + 5153, -3*k = p + 3091. Let n be (-2)/3 - k/(-30). Let i be 21/n*(-280)/4. Calculate the highest common divisor of i and 126.
42
Let f(y) = 27*y - 183. Let o be f(7). Suppose 500 = -o*h + 16*h. Calculate the highest common factor of 125 and h.
25
Let d(a) = a**2 - 10*a - 21. Let o be d(12). Suppose 3*c - 5*j - 28 = 0, 1 + 11 = o*j. Suppose -c = p - 2*p. Calculate the greatest common factor of p and 8.
8
Let c(a) = -4*a**3 - 17*a**2 - 120*a - 83. Let w be c(-9). Calculate the highest common divisor of w and 16.
8
Let u(p) = -67*p**3 - 23*p**2 - 20*p. Let a be u(-1). Calculate the highest common divisor of 576 and a.
64
Suppose -23*i + 183 + 208 = 0. Suppose 29 - i = -4*w, 483 = 3*p - w. Let m be (4/6)/(2/30). What is the highest common factor of p and m?
10
Let h = -18945 + 19525. Calculate the highest common factor of 360 and h.
20
Let u be (-1)/(-4) - (-222)/8. Let m be (-20750)/(-225) - (-4)/(-18). Let y be m/13 + ((-2)/26)/1. Calculate the highest common divisor of y and u.
7
Let f be 7 + -5 + -5*12/(-2). Suppose 0 = -4*j - o - 0*o - 656, -4*j - 5*o = 672. Let z be j/(-5) + 15/(-25). What is the highest common divisor of f and z?
32
Suppose 3*u + 0*u = -90. Let w = u + 52. Let k = 11 - -11. What is the highest common divisor of k and w?
22
Suppose -h + z - 271 = -2*z, 3*h - 5*z + 817 = 0. Let y be 130/(-78) - h/6. What is the highest common divisor of 110 and y?
22
Let w(n) = 2*n**3 + 13*n**2 + n - 18. Let f be w(-6). Calculate the highest common divisor of f and 33564.
12
Suppose -42 = -2*j + 2*d, 20*j - 6*j - 2*d - 186 = 0. Let i(k) = 4*k + 4*k**2 + 6*k - 2*k. Let w be i(-6). Calculate the highest common factor of w and j.
12
Let c be 126/26 - 38/(-247). Suppose 3*n - c*g = -10 - 6, n - 18 = -3*g. Suppose n*b = 37 + 23. Calculate the highest common factor of b and 220.
20
Let o = 4997 - 3831. Calculate the highest common factor of o and 318.
106
Suppose -l + 81569 = 4*z + 81384, z - 4*l = 76. Suppose n + h - 5*h = 96, -5*n + 414 = 2*h. What is the greatest common divisor of z and n?
12
Let d(h) = 11*h**2 - 165*h + 30. Let i be d(15). Calculate the greatest common factor of 18 and i.
6
Let o be 26 - (9 - (6 + -4 + 3)). Let h be (-342)/(-66) + (-4)/o - -320. Calculate the highest common divisor of h and 25.
25
Suppose 121*v - 3232 + 8512 = 169*v. Calculate the greatest common factor of v and 10285.
55
Suppose 0 = -248*q + 237*q + 715. Let v(t) = -4*t - 13. Let s be v(-7). What is the greatest common divisor of q and s?
5
Let i be 6357/3 - (-90 - -79). Calculate the greatest common factor of 284 and i.
142
Suppose 6*v + 24 = 10*v. Suppose -153*x = -147*x + 282. Let q = x + 53. Calculate the highest common divisor of q and v.
6
Suppose 0 = -6*g + 7*g - 5*y - 685, 4*y = g - 681. Let p(s) = -53*s + 31. Let a be p(-3). Calculate the highest common divisor of a and g.
95
Let o(j) = -2*j**2 + 76*j + 547. Let k be o(43). Let z(n) = 4*n + 2. Let v be z(4). Calculate the greatest common divisor of v and k.
9
Suppose 464 = -3*y + 1256. Let o be ((-384)/(-10))/(-24)*-30. What is the highest common divisor of y and o?
24
Let m = 2151 - 1076. What is the greatest common factor of m and 75?
25
Suppose -7*f + 3*j = -3*f - 5869, -4*f + j + 5863 = 0. Calculate the highest common divisor of f and 10.
5
Suppose -5*c - 4*x = 22, 2 = -x + 4. Let p(z) = -4*z**3 - 15*z**2 + 7*z - 10. Let g be p(c). Calculate the greatest common divisor of g and 17.
17
Let d = 21065 + -21056. Calculate the highest common divisor of 14121 and d.
9
Suppose -105*k + 48552 = -68*k - 32293. Calculate the highest common factor of 285 and k.
95
Suppose 4*u = -2*k + 80, 5*k = 4*u - 166 + 240. Suppose 302 = 5*h - 28. Calculate the highest common factor of k and h.
22
Let n(b) = b**3 - b**2 - b + 18. Let m be n(0). Let z be 8/68 - (-4380)/51. Suppose 2*c - 10 = -0*c, 3*h = -c + z. What is the highest common factor of h and m?
9
Let a(t) = 15*t**2 - t + 72. Let x(n) = n**3 - 13*n**2 - 33*n + 45. Let o be x(15). Let i be a(o). What is the greatest common divisor of i and 72?
72
Let j(q) = q**3 + 26*q**2 - 166*q - 7. Let g be j(8). Calculate the greatest common divisor of 29 and g.
29
Suppose 0 = 58*l - 56*l - 1088. What is the highest common factor of 96 and l?
32
Let l(u) = -859*u + 5115. Let a be l(-6). What is the highest common factor of 14 and a?
7
Let r(v) = -v**3 - 7*v**2 + 6*v - 11. Let k be r(-8). Suppose 13*s = 8*s - k. Let d be (-11 - -23)/((-1)/4*s). Calculate the highest common divisor of 6 and d.
6
Suppose 0 = 2*r + 3*b - 76, 111*r - 108*r = -5*b + 116. What is the highest common divisor of 4432 and r?
16
Let h be (-2 + 13)*5082/66. What is the highest common factor of 484 and h?
121
Let d(o) be the second derivative of o**3/2 - 4*o**2 + 13*o. Let n be d(4). Let k = 32 + n. Calculate the greatest common factor of k and 252.
36
Let g(d) = 3*d**2 - 95*d + 236. Let x be g(29). Calculate the highest common divisor of x and 42.
2
Suppose -378*f - 4*p + 904 = -373*f, 4*p = -2*f + 364. Calculate the greatest common factor of 110 and f.
10
Suppose 0 = 3*d + 12, 1 + 25 = 2*s + 3*d. Suppose -2*m + 3*m - 31*m + 13110 = 0. Calculate the greatest common factor of m and s.
19
Let p(f) = 14*f**2 + 119*f + 36. Let u be p(20). Suppose 25764 - u = 29*z. Calculate the highest common divisor of z and 68.
68
Let j(t) = 68*t - 11. Let d be j(1). Suppose -5*x = -10, 17*p - 19*p + 192 = x. Calculate the greatest common factor of d and p.
19
Let f be 1/2 + (-20)/(-8) - -153. Suppose 0 = -11*h - f + 46. Let v be 31 - h/(-4)*(-12)/(-10). What is the highest common divisor of v and 4?
4
Let y(q) = 3*q**2 - 2*q + 9. Let p be y(3). Let r = -21 - p. Let h be 2/(-4)*(r + -7). Calculate the highest common factor of h and 29.
29
Suppose -2*u + 10 = 3*u. Let i(v) = 8*v + 36. Let q be i(3). Suppose q = 5*j + 5*l, -j + u*l = -4*j + 31. What is the highest common factor of j and 49?
7
Let i(v) = -717*v - 970. Let z be i(-10). What is the highest common divisor of z and 155?
155
Suppose 1324*l - 10562 - 60404 = 12446. Let i = -25 + 81. Calculate the greatest common factor of l and i.
7
Let v = 60 + -43. Let b be 1 + -1 + 4 + v. Let g be 1/1 + 0 + b. Calculate the highest common factor of g and 33.
11
Suppose 314 = 5*g + 4*u, -g = 8*u - 11*u - 40. What is the highest common factor of 16 and g?
2
Let r(c) = 2*c**2 - 17*c + 27. Let s be r(2). What is the highest common factor of 163 and s?
1
Suppose -48 = -66*i + 63*i. Suppose -1 = 5*r - i. Suppose 0*u + 2*u = 6. What is the highest common divisor of r and u?
3
Suppose -53937*z = -53956*z + 381672. What is the greatest common divisor of 72 and z?
72
Let z(o) = 81*o**2 + 55*o + 172. Let f be z(-7). What is the highest common factor of 12 and f?
12
Suppose 38 = 12*d + 2. Suppose -75 = -5*q - d*m, 2*q - q + 3*m = 27. What is the greatest common divisor of 42 and q?
6
Let q(l) = 2260*l**2 - 4*l - 2. Let x be q(-1). Suppose 6*r + x = 19*r. Suppose -7*d + r = -1. Calculate the greatest common factor of d and 225.
25
Let r(y) = -y**3 - 4*y**2 - 19*y - 44. Let l be r(-3). Let m(o) = 7*o**2 + 3*o - 36. Let c be m(l). Calculate the highest common factor of 66 and c.
22
Let f be (-1)/(-5 - (-933)/186). Let n = f - -172. Calculate the greatest common divisor of 88 and n.
22
Let r(k) = 30*k**2 - 5